d 2180.
545
Calculate the highest common factor of 21583 and 10505.
191
Calculate the greatest common divisor of 3798 and 44521.
211
What is the highest common factor of 16 and 197336?
8
What is the highest common factor of 15860800 and 46?
46
What is the greatest common factor of 15618651 and 213?
213
Calculate the highest common divisor of 254 and 98806.
254
Calculate the greatest common factor of 2 and 6184.
2
What is the greatest common factor of 199163 and 1108?
277
Calculate the highest common divisor of 11373094 and 31.
31
Calculate the highest common divisor of 410 and 35957.
41
What is the highest common factor of 53163 and 6?
3
Calculate the highest common factor of 1094364 and 756.
108
Calculate the highest common factor of 283504 and 47.
47
What is the greatest common divisor of 4480 and 436352?
896
Calculate the greatest common factor of 88 and 282744.
88
Calculate the greatest common divisor of 1130 and 2904100.
1130
Calculate the highest common divisor of 483 and 5502.
21
Calculate the greatest common factor of 78261 and 57.
57
Calculate the highest common divisor of 36 and 652.
4
Calculate the greatest common divisor of 240 and 19560.
120
What is the highest common divisor of 141 and 553989?
141
Calculate the greatest common divisor of 54 and 20507796.
54
What is the highest common factor of 843 and 544859?
281
Calculate the highest common factor of 995 and 7255.
5
What is the highest common divisor of 185082 and 218?
218
What is the highest common divisor of 12835 and 148735?
755
What is the greatest common factor of 325 and 10774075?
325
What is the highest common factor of 51 and 4478973?
51
What is the highest common factor of 928873 and 11?
11
What is the highest common factor of 8109190 and 2060?
1030
Calculate the greatest common divisor of 546 and 9429.
21
What is the greatest common factor of 6 and 2356374?
6
What is the greatest common divisor of 104 and 117767?
13
Calculate the greatest common divisor of 6628 and 4.
4
Calculate the highest common divisor of 10416 and 3360.
336
Calculate the greatest common factor of 4386 and 8.
2
What is the greatest common factor of 39120 and 40?
40
What is the greatest common factor of 2298 and 6108084?
2298
What is the highest common factor of 20 and 163270?
10
What is the highest common divisor of 4280 and 360?
40
What is the greatest common factor of 21 and 6573?
21
Calculate the greatest common divisor of 11190 and 2217858.
2238
Calculate the highest common factor of 12810 and 9170.
70
Calculate the highest common divisor of 712 and 1008.
8
Calculate the highest common factor of 13 and 458549.
13
What is the greatest common factor of 9770 and 1280?
10
What is the highest common factor of 32 and 7112?
8
Calculate the highest common divisor of 1830 and 17202.
366
Calculate the greatest common divisor of 126 and 2324350.
14
Calculate the greatest common factor of 4971 and 3.
3
Calculate the highest common factor of 2695 and 2255.
55
What is the highest common divisor of 306 and 31909?
17
Calculate the highest common divisor of 2475 and 7040.
55
Calculate the highest common factor of 3573 and 117.
9
Calculate the greatest common factor of 186447 and 57.
57
Calculate the greatest common divisor of 112 and 61096.
56
What is the greatest common factor of 602 and 12470?
86
What is the greatest common factor of 115095 and 195?
15
What is the greatest common divisor of 40491 and 462?
33
What is the greatest common factor of 159 and 153435?
159
Calculate the highest common factor of 102 and 6343482.
102
Calculate the greatest common divisor of 15195 and 55.
5
Calculate the greatest common divisor of 1017 and 2050950.
339
Calculate the highest common divisor of 2843907 and 33.
33
Calculate the highest common divisor of 616 and 11528.
88
Calculate the highest common factor of 39746 and 10354.
334
Calculate the highest common factor of 25221 and 1239.
21
What is the greatest common divisor of 1008450 and 972?
486
Calculate the greatest common factor of 92 and 42530.
2
Calculate the greatest common factor of 32 and 1024.
32
Calculate the greatest common divisor of 25 and 95075.
25
What is the greatest common factor of 3216288 and 64?
32
Calculate the greatest common factor of 171304 and 36.
4
What is the greatest common divisor of 2594 and 7573183?
1297
What is the greatest common divisor of 2204 and 1216?
76
Calculate the greatest common factor of 63128 and 104.
104
Calculate the highest common factor of 84 and 258909.
21
Calculate the greatest common factor of 34960 and 69.
23
What is the highest common divisor of 68 and 468044?
68
Calculate the greatest common divisor of 4 and 6686.
2
Calculate the greatest common factor of 683368 and 168.
56
What is the greatest common divisor of 611 and 65?
13
What is the highest common divisor of 42084 and 11844?
252
What is the highest common divisor of 839856 and 12?
12
What is the highest common factor of 13940 and 4811?
17
What is the greatest common divisor of 75818 and 7014?
334
Calculate the greatest common divisor of 152 and 64638.
38
What is the highest common factor of 1008 and 5025168?
144
Calculate the highest common divisor of 52 and 9958.
26
What is the greatest common divisor of 11819685 and 615?
615
Calculate the highest common divisor of 34826 and 242.
22
What is the greatest common divisor of 324 and 388?
4
Calculate the greatest common divisor of 56090 and 2923.
79
What is the highest common factor of 240 and 73020?
60
Calculate the highest common divisor of 83899 and 107644.
1583
What is the highest common factor of 435 and 14315415?
435
What is the greatest common factor of 1036 and 1708?
28
What is the greatest common factor of 217887 and 354?
177
What is the greatest common divisor of 20770 and 12998?
134
Calculate the highest common divisor of 1956 and 1452.
12
Calculate the greatest common factor of 566678 and 714.
238
What is the highest common factor of 244 and 105286?
122
What is the highest common factor of 66971 and 3281?
193
Calculate the highest common divisor of 531 and 1195812.
531
What is the greatest common factor of 8226 and 1962?
18
Calculate the greatest common divisor of 33732 and 14148.
36
Calculate the greatest common divisor of 575 and 8303.
23
What is the highest common factor of 82126 and 22?
22
What is the greatest common factor of 13 and 5310149?
13
Calculate the highest common factor of 3176 and 29775.
397
What is the highest common factor of 803 and 3431?
73
What is the highest common divisor of 390 and 15060?
30
Calculate the highest common factor of 332 and 10458.
166
What is the highest common divisor of 2268 and 320124?
84
What is the greatest common factor of 20 and 597260?
20
What is the greatest common factor of 190 and 10678?
38
What is the greatest common divisor of 53 and 101866?
53
What is the greatest common factor of 480 and 86640?
240
Calculate the highest common divisor of 520 and 62360.
40
Calculate the greatest common factor of 21452 and 519.
173
What is the greatest common factor of 190 and 26020?
10
Calculate the highest common factor of 23206 and 410.
82
What is the highest common factor of 42091 and 119?
7
Calculate the highest common factor of 3634 and 17503.
23
What is the greatest common divisor of 48909 and 2856?
357
What is the highest common factor of 69228 and 108?
108
What is the highest common divisor of 60174 and 12?
6
What is the highest common factor of 1240 and 12028?
124
What is the highest common factor of 5566 and 31702?
242
What is the highest common factor of 19717754 and 14?
14
Calculate the highest common factor of 498291 and 978.
489
Calculate the greatest common divisor of 32651 and 317.
317
What is the highest common factor of 107 and 97477?
107
What is the greatest common factor of 2793 and 63840?
399
Calculate the highest common factor of 31553 and 556.
139
What is the highest common factor of 552420 and 155?
155
What is the highest common divisor of 361 and 14614363?
361
What is the greatest common factor of 1032 and 552?
24
What is the highest common factor of 1156 and 3757?
289
What is the greatest common factor of 338409 and 1197?
171
What is the greatest common factor of 140 and 149506?
14
What is the highest common factor of 45 and 1303065?
45
Calcu